{"id":903,"date":"2018-10-10T22:02:02","date_gmt":"2018-10-10T20:02:02","guid":{"rendered":"http:\/\/www.laser-maker.com\/?page_id=903"},"modified":"2019-01-12T11:49:28","modified_gmt":"2019-01-12T10:49:28","slug":"level-setting-pcb","status":"publish","type":"page","link":"https:\/\/www.laser-maker.com\/index.php\/alos-project\/level-setting-pcb\/","title":{"rendered":"Level setting PCB"},"content":{"rendered":"<p><img loading=\"lazy\" decoding=\"async\" class=\"aligncenter wp-image-908 size-full\" src=\"http:\/\/www.laser-maker.com\/wp-content\/uploads\/2018\/10\/Level-setting-PCB-V0.3.jpg\" alt=\"\" width=\"832\" height=\"624\" srcset=\"https:\/\/www.laser-maker.com\/wp-content\/uploads\/2018\/10\/Level-setting-PCB-V0.3.jpg 832w, https:\/\/www.laser-maker.com\/wp-content\/uploads\/2018\/10\/Level-setting-PCB-V0.3-300x225.jpg 300w, https:\/\/www.laser-maker.com\/wp-content\/uploads\/2018\/10\/Level-setting-PCB-V0.3-768x576.jpg 768w, https:\/\/www.laser-maker.com\/wp-content\/uploads\/2018\/10\/Level-setting-PCB-V0.3-320x240.jpg 320w\" sizes=\"auto, (max-width: 832px) 100vw, 832px\" \/><\/p>\n<p>&nbsp;<\/p>\n<p>&nbsp;<\/p>\n<p>&nbsp;<\/p>\n<p>&nbsp;<\/p>\n<p><span id=\"result_box\" class=\"\" lang=\"en\" style=\"color: #00ccff;\" tabindex=\"-1\">The &#8220;Level setting PCB&#8221; <\/span><span style=\"color: #00ccff;\">provides the following functions:<\/span><\/p>\n<ul>\n<li><span id=\"result_box\" class=\"\" lang=\"en\" style=\"color: #00ccff;\" tabindex=\"-1\"><span id=\"result_box\" class=\"\" lang=\"en\" tabindex=\"-1\">Setting up laser source levels (up to 4)<\/span><\/span><\/li>\n<li><span id=\"result_box\" class=\"\" lang=\"en\" style=\"color: #00ccff;\" tabindex=\"-1\"><span id=\"result_box\" class=\"\" lang=\"en\" tabindex=\"-1\">Stop the laser emission with the security part of the laser (shutter interlock)<\/span><\/span><\/li>\n<li><span id=\"result_box\" class=\"\" lang=\"en\" style=\"color: #00ccff;\" tabindex=\"-1\"><span id=\"result_box\" class=\"\" lang=\"en\" tabindex=\"-1\">Inputs \/ outputs (2 pushbuttons \/ 2 LEDs)<\/span><\/span><\/li>\n<li><span id=\"result_box\" class=\"\" lang=\"en\" style=\"color: #00ccff;\" tabindex=\"-1\"><span id=\"result_box\" class=\"\" lang=\"en\" tabindex=\"-1\">The PSU humidity \/ temperature sensors<\/span><\/span><\/li>\n<li><span id=\"result_box\" class=\"\" lang=\"en\" style=\"color: #00ccff;\" tabindex=\"-1\"><span id=\"result_box\" class=\"\" lang=\"en\" tabindex=\"-1\">Raspberry PI nano computer&#8217;s cooling<br \/>\n<\/span><\/span><\/li>\n<li><span id=\"result_box\" class=\"\" lang=\"en\" style=\"color: #00ccff;\" tabindex=\"-1\"><span id=\"result_box\" class=\"\" lang=\"en\" tabindex=\"-1\"><span class=\"\">Connector for additional sensors<\/span><\/span><br \/>\n<\/span><\/li>\n<\/ul>\n<p><span style=\"color: #33cccc;\">La carte &#8220;PCB level setting&#8221; assure les fonctions suivantes:<\/span><\/p>\n<ul>\n<li><span style=\"color: #33cccc;\">R\u00e9glage des niveaux des sources lasers (jusqu&#8217;\u00e0 4)<\/span><\/li>\n<li><span style=\"color: #33cccc;\">Arr\u00eat de l\u2019\u00e9mission avec la partie s\u00e9curit\u00e9 du laser (shutter interlock)<\/span><\/li>\n<li><span style=\"color: #33cccc;\">Les entr\u00e9es \/ sorties (2 boutons poussoirs \/ 2 DELs)<\/span><\/li>\n<li><span style=\"color: #33cccc;\">Les capteurs d&#8217;humidit\u00e9 \/ temp\u00e9rature de l&#8217;alimentation<br \/>\n<\/span><\/li>\n<li><span style=\"color: #33cccc;\">La ventilation du Raspberry PI nano ordinateur<\/span><\/li>\n<li><span style=\"color: #33cccc;\">Le connecteur pour les capteurs additionnels<\/span><\/li>\n<\/ul>\n<p>&nbsp;<\/p>\n<p>&nbsp;<\/p>\n<p style=\"text-align: center;\"><a href=\"http:\/\/www.laser-maker.com\/wp-content\/uploads\/2018\/10\/ALOS-V0.3-WEB.png\"><img loading=\"lazy\" decoding=\"async\" class=\"aligncenter size-medium wp-image-907\" src=\"http:\/\/www.laser-maker.com\/wp-content\/uploads\/2018\/10\/ALOS-V0.3-WEB-241x300.png\" alt=\"\" width=\"241\" height=\"300\" srcset=\"https:\/\/www.laser-maker.com\/wp-content\/uploads\/2018\/10\/ALOS-V0.3-WEB-241x300.png 241w, https:\/\/www.laser-maker.com\/wp-content\/uploads\/2018\/10\/ALOS-V0.3-WEB.png 672w\" sizes=\"auto, (max-width: 241px) 100vw, 241px\" \/><\/a><span id=\"result_box\" class=\"short_text\" lang=\"en\" style=\"color: #00ccff;\" tabindex=\"-1\"><span class=\"\">The PCB is between the screen and the computer<\/span><\/span><\/p>\n<p style=\"text-align: center;\"><span style=\"color: #33cccc;\">Le circuit est plac\u00e9 entre l&#8217;\u00e9cran et l&#8217;ordinateur<\/span><\/p>\n<p style=\"text-align: center;\"><a href=\"http:\/\/www.laser-maker.com\/wp-content\/uploads\/2018\/10\/ALOS-PROJECTLCD.jpg\"><img loading=\"lazy\" decoding=\"async\" class=\"aligncenter size-medium wp-image-906\" src=\"http:\/\/www.laser-maker.com\/wp-content\/uploads\/2018\/10\/ALOS-PROJECTLCD-300x215.jpg\" alt=\"\" width=\"300\" height=\"215\" srcset=\"https:\/\/www.laser-maker.com\/wp-content\/uploads\/2018\/10\/ALOS-PROJECTLCD-300x215.jpg 300w, https:\/\/www.laser-maker.com\/wp-content\/uploads\/2018\/10\/ALOS-PROJECTLCD-768x551.jpg 768w, https:\/\/www.laser-maker.com\/wp-content\/uploads\/2018\/10\/ALOS-PROJECTLCD-1024x735.jpg 1024w, https:\/\/www.laser-maker.com\/wp-content\/uploads\/2018\/10\/ALOS-PROJECTLCD.jpg 1698w\" sizes=\"auto, (max-width: 300px) 100vw, 300px\" \/><\/a><a href=\"http:\/\/www.laser-maker.com\/wp-content\/uploads\/2018\/10\/FOND.jpg\"><img loading=\"lazy\" decoding=\"async\" class=\"aligncenter size-medium wp-image-932\" src=\"http:\/\/www.laser-maker.com\/wp-content\/uploads\/2018\/10\/FOND-300x252.jpg\" alt=\"\" width=\"300\" height=\"252\" srcset=\"https:\/\/www.laser-maker.com\/wp-content\/uploads\/2018\/10\/FOND-300x252.jpg 300w, https:\/\/www.laser-maker.com\/wp-content\/uploads\/2018\/10\/FOND-768x646.jpg 768w, https:\/\/www.laser-maker.com\/wp-content\/uploads\/2018\/10\/FOND-1024x861.jpg 1024w, https:\/\/www.laser-maker.com\/wp-content\/uploads\/2018\/10\/FOND.jpg 1508w\" sizes=\"auto, (max-width: 300px) 100vw, 300px\" \/><\/a><\/p>\n<p style=\"text-align: center;\"><span style=\"color: #00ccff;\">Test Video<\/span><\/p>\n<iframe loading=\"lazy\"  id=\"_ytid_87009\"  width=\"900\" height=\"506\"  data-origwidth=\"900\" data-origheight=\"506\" src=\"https:\/\/www.youtube.com\/embed\/dscR-eYxhho?enablejsapi=1&origin=https:\/\/www.laser-maker.com&autoplay=0&cc_load_policy=0&cc_lang_pref=&iv_load_policy=1&loop=0&rel=0&fs=1&playsinline=0&autohide=2&theme=dark&color=red&controls=1&disablekb=0&\" class=\"__youtube_prefs__  no-lazyload\" title=\"YouTube player\"  allow=\"fullscreen; accelerometer; autoplay; clipboard-write; encrypted-media; gyroscope; picture-in-picture; web-share\" referrerpolicy=\"strict-origin-when-cross-origin\" allowfullscreen data-no-lazy=\"1\" data-skipgform_ajax_framebjll=\"\"><\/iframe>\n<p style=\"text-align: center;\"><span style=\"color: #00ccff;\">\u00a0<\/span><\/p>\n<p><a href=\"http:\/\/www.laser-maker.com\/index.php\/alos-project\/00-description\/\">Project description \/ Description du projet<\/a><\/p>\n","protected":false},"excerpt":{"rendered":"<p>&nbsp; &nbsp; &nbsp; &nbsp; The &#8220;Level setting PCB&#8221; provides the following functions: Setting up laser source levels (up to 4) Stop the laser emission with the security part of the laser (shutter interlock) Inputs \/ outputs (2 pushbuttons \/ 2 LEDs) The PSU humidity \/ temperature sensors Raspberry PI nano computer&#8217;s cooling Connector for additional [&hellip;]<\/p>\n","protected":false},"author":1,"featured_media":0,"parent":111,"menu_order":0,"comment_status":"closed","ping_status":"closed","template":"","meta":{"footnotes":""},"class_list":["post-903","page","type-page","status-publish","hentry"],"_links":{"self":[{"href":"https:\/\/www.laser-maker.com\/index.php\/wp-json\/wp\/v2\/pages\/903","targetHints":{"allow":["GET"]}}],"collection":[{"href":"https:\/\/www.laser-maker.com\/index.php\/wp-json\/wp\/v2\/pages"}],"about":[{"href":"https:\/\/www.laser-maker.com\/index.php\/wp-json\/wp\/v2\/types\/page"}],"author":[{"embeddable":true,"href":"https:\/\/www.laser-maker.com\/index.php\/wp-json\/wp\/v2\/users\/1"}],"replies":[{"embeddable":true,"href":"https:\/\/www.laser-maker.com\/index.php\/wp-json\/wp\/v2\/comments?post=903"}],"version-history":[{"count":24,"href":"https:\/\/www.laser-maker.com\/index.php\/wp-json\/wp\/v2\/pages\/903\/revisions"}],"predecessor-version":[{"id":986,"href":"https:\/\/www.laser-maker.com\/index.php\/wp-json\/wp\/v2\/pages\/903\/revisions\/986"}],"up":[{"embeddable":true,"href":"https:\/\/www.laser-maker.com\/index.php\/wp-json\/wp\/v2\/pages\/111"}],"wp:attachment":[{"href":"https:\/\/www.laser-maker.com\/index.php\/wp-json\/wp\/v2\/media?parent=903"}],"curies":[{"name":"wp","href":"https:\/\/api.w.org\/{rel}","templated":true}]}}