{"id":773,"date":"2018-10-08T14:14:47","date_gmt":"2018-10-08T12:14:47","guid":{"rendered":"http:\/\/www.laser-maker.com\/?page_id=773"},"modified":"2021-05-12T19:38:58","modified_gmt":"2021-05-12T17:38:58","slug":"00-description-french","status":"publish","type":"page","link":"https:\/\/www.laser-maker.com\/index.php\/alos-project\/00-description-french\/","title":{"rendered":"00 &#8211; Description (French)"},"content":{"rendered":"<p><span style=\"color: #33cccc;\">\u00a0<a href=\"http:\/\/www.laser-maker.com\/wp-content\/uploads\/2019\/04\/0-pres.jpg\"><img loading=\"lazy\" decoding=\"async\" class=\"aligncenter size-large wp-image-1232\" src=\"http:\/\/www.laser-maker.com\/wp-content\/uploads\/2019\/04\/0-pres-1024x911.jpg\" alt=\"\" width=\"900\" height=\"801\" srcset=\"https:\/\/www.laser-maker.com\/wp-content\/uploads\/2019\/04\/0-pres-1024x911.jpg 1024w, https:\/\/www.laser-maker.com\/wp-content\/uploads\/2019\/04\/0-pres-300x267.jpg 300w, https:\/\/www.laser-maker.com\/wp-content\/uploads\/2019\/04\/0-pres-768x684.jpg 768w, https:\/\/www.laser-maker.com\/wp-content\/uploads\/2019\/04\/0-pres.jpg 1256w\" sizes=\"auto, (max-width: 900px) 100vw, 900px\" \/><\/a>Le but de ce projet est de r\u00e9aliser un projecteur laser de spectacle de 5W \u00e0 partir d&#8217;un recyclage de coffret!<br \/>\nUn ancien rack 19&#8221; 3U d&#8217;un vieux amplificateur de 28cm de profondeur ou simplement avec un vieux laser H.S.<\/span><br \/>\n<span style=\"color: #33cccc;\">La partie commande du projet est faite \u00e0 partir d&#8217;un\u00a0<span id=\"result_box\" class=\"\" lang=\"en\" tabindex=\"-1\"><span title=\"La partie commande du projet est faite \u00e0 partir d'une Franboise et de deux cartes HAT (Hardware Attached on Top) donc on ajoute plusieurs cartes \u00e9lectronique au dessus du nano ordinateur. \">Raspberry PI model B<\/span><\/span> et de deux cartes HAT (Hardware Attached on Top) donc on ajoute 2 cartes \u00e9lectronique au dessus du nano ordinateur.<\/span><\/p>\n<p><span style=\"color: #33cccc;\"><a href=\"http:\/\/www.laser-maker.com\/index.php\/alos-project\/level-setting-pcb\">La carte 1<\/a> permet de g\u00e9rer les entr\u00e9es \/ sorties (2 DEL, 2 boutons poussoirs) et la partie s\u00e9curit\u00e9 (coupure lors de l&#8217;appuie sur le stop d&#8217;urgence ou la clef) Elle permet aussi le r\u00e9glage des niveaux lasers de chaque sources (jusqu&#8217;\u00e0 4) et le refroidissement de l&#8217;ordinateur avec un ventilateur. C&#8217;est aussi sur cette carte que l&#8217;on ajoute les capteurs additionnels (temp\u00e9rature, humidit\u00e9, courant dans les diodes&#8230;)<\/span><\/p>\n<p><span style=\"color: #33cccc;\"><a href=\"http:\/\/www.laser-maker.com\/index.php\/alos-project\/security-tec-pcb\/\">La carte 2<\/a> g\u00e8re la temp\u00e9rature des sources lasers via le contr\u00f4le d&#8217;un Peltier et contient aussi le circuit \u00e9lectronique &#8220;scan-safe&#8221; qui v\u00e9rifie en permanence que les scanners lasers fonctionnent.<\/span><\/p>\n<p><span style=\"color: #33cccc;\">Elle coupe les sources lasers en cas de probl\u00e8me en agissant sur la partie s\u00e9curit\u00e9.<\/span><\/p>\n<p><span style=\"color: #33cccc;\">Chaque carte HAT poss\u00e8de son propre circuit de clef mat\u00e9riel.<\/span><\/p>\n<p><span style=\"color: #33cccc;\">Au dessus de tout \u00e7a se trouve l&#8217;\u00e9cran \u00e0 cristaux liquides pour afficher les diff\u00e9rentes informations \u00e0 l\u2019arri\u00e8re du projecteur laser.<\/span><\/p>\n<p><span style=\"color: #33cccc;\">Cet ensemble de circuits constitue un &#8220;serveur&#8221; et l&#8217;application g\u00e8re au maximum 3 serveurs (pour le moment) donc 3 projecteurs lasers diff\u00e9rents peuvent \u00eatre contr\u00f4l\u00e9s sur une seule application cliente.<\/span><\/p>\n<p><span style=\"color: #33cccc;\">Les communications entre les serveurs et les clients sont faites \u00e0 l&#8217;aide d&#8217;un protocole s\u00e9curis\u00e9 bidirectionnel bas\u00e9 sur TCP\/IP.<\/span><\/p>\n<p><span style=\"color: #33cccc;\">En ce qui concerne la partie optique elle est r\u00e9alis\u00e9e avec une source laser rouge verte bleue d\u00e9j\u00e0 assembl\u00e9e et d\u00e9j\u00e0 align\u00e9e. (1.5W rouge, 1.1W vert, 2.4W bleu, avec une divergence globale &lt; 1.3mRad)<\/span><br \/>\n<span style=\"color: #33cccc;\">Ceci afin de limiter les risques au maximum, car comme vous le savez, les lasers sont tr\u00e8s dangereux pour les yeux, la peau, et beaucoup d&#8217;autres surfaces!<\/span><\/p>\n<p><span style=\"color: #33cccc;\">Pour cela, nous vous demandons de respecter scrupuleusement les \u00e9tapes du projet et nous vous rappelons que laser-maker ne peut pas \u00eatre tenu pour responsable dans n&#8217;importe quel cas.<\/span><\/p>\n<p><span style=\"color: #33cccc;\">La construction d&#8217;un projecteur se compte en centaines d&#8217;heures, s<\/span><span style=\"color: #33cccc;\">i vous n&#8217;avez, ni le temps, ni la patience, alors passer votre chemin.<\/span><\/p>\n<p><span style=\"color: #33cccc;\">Ce tutoriel a pour but d&#8217;aider les personnes qui d\u00e9sirent assembler leur propre projecteur laser, tout en limitant au maximum les risques.<\/span><\/p>\n<p><span style=\"color: #33cccc;\">Heureusement que l&#8217;application g\u00e8re les niveaux car avec 5 W de puissance, autant vous dire que ce projecteur laser va illuminer toutes vos petites, moyennes et m\u00eame grosses soir\u00e9es priv\u00e9es!<\/span><\/p>\n<p><span style=\"color: #33cccc;\">Bon courage, maker!<\/span><\/p>\n<p><a href=\"http:\/\/www.laser-maker.com\/wp-content\/uploads\/2019\/07\/Evenement2.jpg\"><img loading=\"lazy\" decoding=\"async\" class=\"aligncenter size-large wp-image-1465\" src=\"http:\/\/www.laser-maker.com\/wp-content\/uploads\/2019\/07\/Evenement2-1024x768.jpg\" alt=\"\" width=\"900\" height=\"675\" srcset=\"https:\/\/www.laser-maker.com\/wp-content\/uploads\/2019\/07\/Evenement2-1024x768.jpg 1024w, https:\/\/www.laser-maker.com\/wp-content\/uploads\/2019\/07\/Evenement2-300x225.jpg 300w, https:\/\/www.laser-maker.com\/wp-content\/uploads\/2019\/07\/Evenement2-768x576.jpg 768w, https:\/\/www.laser-maker.com\/wp-content\/uploads\/2019\/07\/Evenement2-320x240.jpg 320w\" sizes=\"auto, (max-width: 900px) 100vw, 900px\" \/><\/a><\/p>\n<p><a href=\"http:\/\/www.laser-maker.com\/wp-content\/uploads\/2019\/07\/Evenement3.jpg\"><img loading=\"lazy\" decoding=\"async\" class=\"aligncenter wp-image-1466 size-large\" src=\"http:\/\/www.laser-maker.com\/wp-content\/uploads\/2019\/07\/Evenement3-1024x768.jpg\" alt=\"\" width=\"900\" height=\"675\" srcset=\"https:\/\/www.laser-maker.com\/wp-content\/uploads\/2019\/07\/Evenement3-1024x768.jpg 1024w, https:\/\/www.laser-maker.com\/wp-content\/uploads\/2019\/07\/Evenement3-300x225.jpg 300w, https:\/\/www.laser-maker.com\/wp-content\/uploads\/2019\/07\/Evenement3-768x576.jpg 768w, https:\/\/www.laser-maker.com\/wp-content\/uploads\/2019\/07\/Evenement3-320x240.jpg 320w\" sizes=\"auto, (max-width: 900px) 100vw, 900px\" \/><\/a><\/p>\n<p style=\"text-align: center;\"><span style=\"color: #33cccc;\">Application au 1er mars 2019<\/span><\/p>\n<p style=\"text-align: left;\"><iframe loading=\"lazy\"  id=\"_ytid_99176\"  width=\"900\" height=\"506\"  data-origwidth=\"900\" data-origheight=\"506\" src=\"https:\/\/www.youtube.com\/embed\/azMUECdPoFc?enablejsapi=1&origin=https:\/\/www.laser-maker.com&autoplay=0&cc_load_policy=0&cc_lang_pref=&iv_load_policy=1&loop=0&rel=0&fs=1&playsinline=0&autohide=2&theme=dark&color=red&controls=1&disablekb=0&\" class=\"__youtube_prefs__  no-lazyload\" title=\"YouTube player\"  allow=\"fullscreen; accelerometer; autoplay; clipboard-write; encrypted-media; gyroscope; picture-in-picture; web-share\" referrerpolicy=\"strict-origin-when-cross-origin\" allowfullscreen data-no-lazy=\"1\" data-skipgform_ajax_framebjll=\"\"><\/iframe><\/p>\n<p style=\"text-align: center;\"><a href=\"http:\/\/www.laser-maker.com\/index.php\/alos-project\/01-enclosure\/\">Etape 1: Le coffret<\/a><\/p>\n<p><a href=\"http:\/\/www.laser-maker.com\/index.php\/alos-project\/\">Retour au sommaire<\/a><\/p>\n<blockquote class=\"wp-embedded-content\" data-secret=\"1aWvspQ1HB\"><p><a href=\"http:\/\/www.laser-maker.com\/index.php\/rev8-hardware\/\">REV8 Hardware<\/a><\/p><\/blockquote>\n<p><iframe loading=\"lazy\" class=\"wp-embedded-content\" sandbox=\"allow-scripts\" security=\"restricted\" style=\"position: absolute; clip: rect(1px, 1px, 1px, 1px);\" title=\"&#8220;REV8 Hardware&#8221; &#8212; Laser - Maker\" src=\"http:\/\/www.laser-maker.com\/index.php\/rev8-hardware\/embed\/#?secret=1aWvspQ1HB\" data-secret=\"1aWvspQ1HB\" width=\"600\" height=\"338\" frameborder=\"0\" marginwidth=\"0\" marginheight=\"0\" scrolling=\"no\"><\/iframe><\/p>\n","protected":false},"excerpt":{"rendered":"<p>\u00a0Le but de ce projet est de r\u00e9aliser un projecteur laser de spectacle de 5W \u00e0 partir d&#8217;un recyclage de coffret! Un ancien rack 19&#8221; 3U d&#8217;un vieux amplificateur de 28cm de profondeur ou simplement avec un vieux laser H.S. La partie commande du projet est faite \u00e0 partir d&#8217;un\u00a0Raspberry PI model B et de [&hellip;]<\/p>\n","protected":false},"author":1,"featured_media":0,"parent":111,"menu_order":0,"comment_status":"closed","ping_status":"closed","template":"","meta":{"footnotes":""},"class_list":["post-773","page","type-page","status-publish","hentry"],"_links":{"self":[{"href":"https:\/\/www.laser-maker.com\/index.php\/wp-json\/wp\/v2\/pages\/773","targetHints":{"allow":["GET"]}}],"collection":[{"href":"https:\/\/www.laser-maker.com\/index.php\/wp-json\/wp\/v2\/pages"}],"about":[{"href":"https:\/\/www.laser-maker.com\/index.php\/wp-json\/wp\/v2\/types\/page"}],"author":[{"embeddable":true,"href":"https:\/\/www.laser-maker.com\/index.php\/wp-json\/wp\/v2\/users\/1"}],"replies":[{"embeddable":true,"href":"https:\/\/www.laser-maker.com\/index.php\/wp-json\/wp\/v2\/comments?post=773"}],"version-history":[{"count":27,"href":"https:\/\/www.laser-maker.com\/index.php\/wp-json\/wp\/v2\/pages\/773\/revisions"}],"predecessor-version":[{"id":2972,"href":"https:\/\/www.laser-maker.com\/index.php\/wp-json\/wp\/v2\/pages\/773\/revisions\/2972"}],"up":[{"embeddable":true,"href":"https:\/\/www.laser-maker.com\/index.php\/wp-json\/wp\/v2\/pages\/111"}],"wp:attachment":[{"href":"https:\/\/www.laser-maker.com\/index.php\/wp-json\/wp\/v2\/media?parent=773"}],"curies":[{"name":"wp","href":"https:\/\/api.w.org\/{rel}","templated":true}]}}