{"id":366,"date":"2018-09-22T18:35:35","date_gmt":"2018-09-22T18:35:35","guid":{"rendered":"http:\/\/www.laser-maker.com\/?page_id=366"},"modified":"2019-11-10T19:59:11","modified_gmt":"2019-11-10T18:59:11","slug":"ld5-5w-pure-diodes-laser-upgrade-ld5-laser","status":"publish","type":"page","link":"https:\/\/www.laser-maker.com\/index.php\/old-projects-pages\/ld5-5w-pure-diodes-laser-upgrade-ld5-laser\/","title":{"rendered":"LD5 pure diode upgrade &#8211; 5W (2017-2019)"},"content":{"rendered":"<p style=\"text-align: center;\"><span style=\"color: #00ccff;\">The laser to repair has arrived<\/span><br \/>\n<span style=\"color: #33cccc;\">Le laser \u00e0 r\u00e9parer est arriv\u00e9<\/span><a href=\"http:\/\/www.laser-maker.com\/wp-content\/uploads\/2018\/09\/ld5_1.jpg\"><img loading=\"lazy\" decoding=\"async\" class=\"aligncenter wp-image-371 size-medium\" src=\"http:\/\/www.laser-maker.com\/wp-content\/uploads\/2018\/09\/ld5_1-225x300.jpg\" alt=\"\" width=\"225\" height=\"300\" srcset=\"https:\/\/www.laser-maker.com\/wp-content\/uploads\/2018\/09\/ld5_1-225x300.jpg 225w, https:\/\/www.laser-maker.com\/wp-content\/uploads\/2018\/09\/ld5_1-768x1024.jpg 768w\" sizes=\"auto, (max-width: 225px) 100vw, 225px\" \/><\/a><span style=\"color: #00ccff;\">The starting base a purple 2W 445nm CNI<\/span><br \/>\n<span style=\"color: #33cccc;\">La base de d\u00e9part un 2W violet 445nm CNI<\/span> <a href=\"http:\/\/www.laser-maker.com\/wp-content\/uploads\/2018\/09\/ld5_2.jpg\"><img loading=\"lazy\" decoding=\"async\" class=\"aligncenter size-medium wp-image-372\" src=\"http:\/\/www.laser-maker.com\/wp-content\/uploads\/2018\/09\/ld5_2-219x300.jpg\" alt=\"\" width=\"219\" height=\"300\" srcset=\"https:\/\/www.laser-maker.com\/wp-content\/uploads\/2018\/09\/ld5_2-219x300.jpg 219w, https:\/\/www.laser-maker.com\/wp-content\/uploads\/2018\/09\/ld5_2-768x1053.jpg 768w, https:\/\/www.laser-maker.com\/wp-content\/uploads\/2018\/09\/ld5_2-747x1024.jpg 747w, https:\/\/www.laser-maker.com\/wp-content\/uploads\/2018\/09\/ld5_2.jpg 1493w\" sizes=\"auto, (max-width: 219px) 100vw, 219px\" \/><\/a> <span style=\"color: #00ccff;\">Addition of a green laser 1W (520nm)<\/span><br \/>\n<span style=\"color: #33cccc;\">Ajout d&#8217;un laser vert 1W (520nm)<\/span><a href=\"http:\/\/www.laser-maker.com\/wp-content\/uploads\/2018\/09\/ld5_3.jpg\"><img loading=\"lazy\" decoding=\"async\" class=\"aligncenter size-medium wp-image-373\" src=\"http:\/\/www.laser-maker.com\/wp-content\/uploads\/2018\/09\/ld5_3-135x300.jpg\" alt=\"\" width=\"135\" height=\"300\" srcset=\"https:\/\/www.laser-maker.com\/wp-content\/uploads\/2018\/09\/ld5_3-135x300.jpg 135w, https:\/\/www.laser-maker.com\/wp-content\/uploads\/2018\/09\/ld5_3-460x1024.jpg 460w, https:\/\/www.laser-maker.com\/wp-content\/uploads\/2018\/09\/ld5_3.jpg 639w\" sizes=\"auto, (max-width: 135px) 100vw, 135px\" \/><\/a><\/p>\n<p style=\"text-align: center;\"><span style=\"color: #00ccff;\">Quick test without optical change<\/span><br \/>\n<span style=\"color: #33cccc;\">Test rapide sans avoir chang\u00e9 d&#8217;optiques<\/span><a href=\"http:\/\/www.laser-maker.com\/wp-content\/uploads\/2018\/09\/ld5_4.jpg\"><img loading=\"lazy\" decoding=\"async\" class=\"aligncenter size-medium wp-image-374\" src=\"http:\/\/www.laser-maker.com\/wp-content\/uploads\/2018\/09\/ld5_4-169x300.jpg\" alt=\"\" width=\"169\" height=\"300\" srcset=\"https:\/\/www.laser-maker.com\/wp-content\/uploads\/2018\/09\/ld5_4-169x300.jpg 169w, https:\/\/www.laser-maker.com\/wp-content\/uploads\/2018\/09\/ld5_4-768x1362.jpg 768w, https:\/\/www.laser-maker.com\/wp-content\/uploads\/2018\/09\/ld5_4-578x1024.jpg 578w, https:\/\/www.laser-maker.com\/wp-content\/uploads\/2018\/09\/ld5_4.jpg 1155w\" sizes=\"auto, (max-width: 169px) 100vw, 169px\" \/><\/a><\/p>\n<p style=\"text-align: center;\"><iframe loading=\"lazy\"  id=\"_ytid_36752\"  width=\"900\" height=\"506\"  data-origwidth=\"900\" data-origheight=\"506\" src=\"https:\/\/www.youtube.com\/embed\/BApn7iebFck?enablejsapi=1&origin=https:\/\/www.laser-maker.com&autoplay=0&cc_load_policy=0&cc_lang_pref=&iv_load_policy=1&loop=0&rel=0&fs=1&playsinline=0&autohide=2&theme=dark&color=red&controls=1&disablekb=0&\" class=\"__youtube_prefs__  no-lazyload\" title=\"YouTube player\"  allow=\"fullscreen; accelerometer; autoplay; clipboard-write; encrypted-media; gyroscope; picture-in-picture; web-share\" referrerpolicy=\"strict-origin-when-cross-origin\" allowfullscreen data-no-lazy=\"1\" data-skipgform_ajax_framebjll=\"\"><\/iframe><\/p>\n<p style=\"text-align: center;\"><span style=\"color: #00ccff;\">Addition of 2W 637nm laser<\/span><\/p>\n<p><a href=\"http:\/\/www.laser-maker.com\/wp-content\/uploads\/2018\/09\/R2W.png\"><img loading=\"lazy\" decoding=\"async\" class=\"aligncenter size-medium wp-image-629\" src=\"http:\/\/www.laser-maker.com\/wp-content\/uploads\/2018\/09\/R2W-300x212.png\" alt=\"\" width=\"300\" height=\"212\" srcset=\"https:\/\/www.laser-maker.com\/wp-content\/uploads\/2018\/09\/R2W-300x212.png 300w, https:\/\/www.laser-maker.com\/wp-content\/uploads\/2018\/09\/R2W-768x542.png 768w, https:\/\/www.laser-maker.com\/wp-content\/uploads\/2018\/09\/R2W.png 896w\" sizes=\"auto, (max-width: 300px) 100vw, 300px\" \/><\/a><\/p>\n<p style=\"text-align: center;\"><span style=\"color: #00ccff;\">First alignment test<\/span><\/p>\n<p style=\"text-align: center;\"><span style=\"color: #33cccc;\">Premiers tests d&#8217;alignements<\/span><\/p>\n<p style=\"text-align: center;\"><a href=\"http:\/\/www.laser-maker.com\/wp-content\/uploads\/2018\/09\/ld5_5.jpg\"><img loading=\"lazy\" decoding=\"async\" class=\"aligncenter size-medium wp-image-375\" src=\"http:\/\/www.laser-maker.com\/wp-content\/uploads\/2018\/09\/ld5_5-169x300.jpg\" alt=\"\" width=\"169\" height=\"300\" srcset=\"https:\/\/www.laser-maker.com\/wp-content\/uploads\/2018\/09\/ld5_5-169x300.jpg 169w, https:\/\/www.laser-maker.com\/wp-content\/uploads\/2018\/09\/ld5_5-768x1362.jpg 768w, https:\/\/www.laser-maker.com\/wp-content\/uploads\/2018\/09\/ld5_5-578x1024.jpg 578w, https:\/\/www.laser-maker.com\/wp-content\/uploads\/2018\/09\/ld5_5.jpg 1155w\" sizes=\"auto, (max-width: 169px) 100vw, 169px\" \/><\/a><\/p>\n<p style=\"text-align: center;\"><span style=\"color: #00ccff;\">Upgrade done to 2W Red, 1W green, 2W blue<\/span><\/p>\n<p style=\"text-align: center;\"><a href=\"http:\/\/www.laser-maker.com\/wp-content\/uploads\/2018\/09\/ld5_6.jpg\"><img loading=\"lazy\" decoding=\"async\" class=\"aligncenter size-medium wp-image-376\" src=\"http:\/\/www.laser-maker.com\/wp-content\/uploads\/2018\/09\/ld5_6-270x300.jpg\" alt=\"\" width=\"270\" height=\"300\" srcset=\"https:\/\/www.laser-maker.com\/wp-content\/uploads\/2018\/09\/ld5_6-270x300.jpg 270w, https:\/\/www.laser-maker.com\/wp-content\/uploads\/2018\/09\/ld5_6-768x854.jpg 768w, https:\/\/www.laser-maker.com\/wp-content\/uploads\/2018\/09\/ld5_6-921x1024.jpg 921w\" sizes=\"auto, (max-width: 270px) 100vw, 270px\" \/><\/a> <a href=\"http:\/\/www.laser-maker.com\/wp-content\/uploads\/2018\/09\/ld5_7.jpg\"><img loading=\"lazy\" decoding=\"async\" class=\"aligncenter size-medium wp-image-377\" src=\"http:\/\/www.laser-maker.com\/wp-content\/uploads\/2018\/09\/ld5_7-300x147.jpg\" alt=\"\" width=\"300\" height=\"147\" srcset=\"https:\/\/www.laser-maker.com\/wp-content\/uploads\/2018\/09\/ld5_7-300x147.jpg 300w, https:\/\/www.laser-maker.com\/wp-content\/uploads\/2018\/09\/ld5_7-768x375.jpg 768w, https:\/\/www.laser-maker.com\/wp-content\/uploads\/2018\/09\/ld5_7-1024x500.jpg 1024w\" sizes=\"auto, (max-width: 300px) 100vw, 300px\" \/><\/a> <a href=\"http:\/\/www.laser-maker.com\/wp-content\/uploads\/2018\/09\/ld5_8.jpg\"><img loading=\"lazy\" decoding=\"async\" class=\"aligncenter size-medium wp-image-378\" src=\"http:\/\/www.laser-maker.com\/wp-content\/uploads\/2018\/09\/ld5_8-300x225.jpg\" alt=\"\" width=\"300\" height=\"225\" srcset=\"https:\/\/www.laser-maker.com\/wp-content\/uploads\/2018\/09\/ld5_8-300x225.jpg 300w, https:\/\/www.laser-maker.com\/wp-content\/uploads\/2018\/09\/ld5_8-768x576.jpg 768w, https:\/\/www.laser-maker.com\/wp-content\/uploads\/2018\/09\/ld5_8-1024x768.jpg 1024w, https:\/\/www.laser-maker.com\/wp-content\/uploads\/2018\/09\/ld5_8-320x240.jpg 320w\" sizes=\"auto, (max-width: 300px) 100vw, 300px\" \/><\/a> <a href=\"http:\/\/www.laser-maker.com\/wp-content\/uploads\/2018\/09\/ld5_9.jpg\"><img loading=\"lazy\" decoding=\"async\" class=\"aligncenter size-medium wp-image-379\" src=\"http:\/\/www.laser-maker.com\/wp-content\/uploads\/2018\/09\/ld5_9-300x225.jpg\" alt=\"\" width=\"300\" height=\"225\" srcset=\"https:\/\/www.laser-maker.com\/wp-content\/uploads\/2018\/09\/ld5_9-300x225.jpg 300w, https:\/\/www.laser-maker.com\/wp-content\/uploads\/2018\/09\/ld5_9-768x576.jpg 768w, https:\/\/www.laser-maker.com\/wp-content\/uploads\/2018\/09\/ld5_9-1024x768.jpg 1024w, https:\/\/www.laser-maker.com\/wp-content\/uploads\/2018\/09\/ld5_9-320x240.jpg 320w\" sizes=\"auto, (max-width: 300px) 100vw, 300px\" \/><\/a> <a href=\"http:\/\/www.laser-maker.com\/wp-content\/uploads\/2018\/09\/ld5_10.jpg\"><img loading=\"lazy\" decoding=\"async\" class=\"aligncenter size-medium wp-image-380\" src=\"http:\/\/www.laser-maker.com\/wp-content\/uploads\/2018\/09\/ld5_10-300x225.jpg\" alt=\"\" width=\"300\" height=\"225\" srcset=\"https:\/\/www.laser-maker.com\/wp-content\/uploads\/2018\/09\/ld5_10-300x225.jpg 300w, https:\/\/www.laser-maker.com\/wp-content\/uploads\/2018\/09\/ld5_10-768x576.jpg 768w, https:\/\/www.laser-maker.com\/wp-content\/uploads\/2018\/09\/ld5_10-1024x768.jpg 1024w, https:\/\/www.laser-maker.com\/wp-content\/uploads\/2018\/09\/ld5_10-320x240.jpg 320w\" sizes=\"auto, (max-width: 300px) 100vw, 300px\" \/><\/a><\/p>\n<p style=\"text-align: left;\"><iframe loading=\"lazy\"  id=\"_ytid_31924\"  width=\"900\" height=\"506\"  data-origwidth=\"900\" data-origheight=\"506\" src=\"https:\/\/www.youtube.com\/embed\/j1Dd99fJtRs?enablejsapi=1&origin=https:\/\/www.laser-maker.com&autoplay=0&cc_load_policy=0&cc_lang_pref=&iv_load_policy=1&loop=0&rel=0&fs=1&playsinline=0&autohide=2&theme=dark&color=red&controls=1&disablekb=0&\" class=\"__youtube_prefs__  no-lazyload\" title=\"YouTube player\"  allow=\"fullscreen; accelerometer; autoplay; clipboard-write; encrypted-media; gyroscope; picture-in-picture; web-share\" referrerpolicy=\"strict-origin-when-cross-origin\" allowfullscreen data-no-lazy=\"1\" data-skipgform_ajax_framebjll=\"\"><\/iframe><\/p>\n<div style=\"width: 800px;\" class=\"wp-video\"><video class=\"wp-video-shortcode\" id=\"video-366-1\" width=\"800\" height=\"600\" preload=\"auto\" controls=\"controls\"><source type=\"video\/mp4\" src=\"http:\/\/www.laser-maker.com\/wp-content\/uploads\/2018\/09\/VID_20180513_022041-1.mp4?_=1\" \/><a href=\"http:\/\/www.laser-maker.com\/wp-content\/uploads\/2018\/09\/VID_20180513_022041-1.mp4\">http:\/\/www.laser-maker.com\/wp-content\/uploads\/2018\/09\/VID_20180513_022041-1.mp4<\/a><\/video><\/div>\n","protected":false},"excerpt":{"rendered":"<p>The laser to repair has arrived Le laser \u00e0 r\u00e9parer est arriv\u00e9The starting base a purple 2W 445nm CNI La base de d\u00e9part un 2W violet 445nm CNI Addition of a green laser 1W (520nm) Ajout d&#8217;un laser vert 1W (520nm) Quick test without optical change Test rapide sans avoir chang\u00e9 d&#8217;optiques Addition of 2W [&hellip;]<\/p>\n","protected":false},"author":1,"featured_media":0,"parent":115,"menu_order":0,"comment_status":"closed","ping_status":"closed","template":"","meta":{"footnotes":""},"class_list":["post-366","page","type-page","status-publish","hentry"],"_links":{"self":[{"href":"https:\/\/www.laser-maker.com\/index.php\/wp-json\/wp\/v2\/pages\/366","targetHints":{"allow":["GET"]}}],"collection":[{"href":"https:\/\/www.laser-maker.com\/index.php\/wp-json\/wp\/v2\/pages"}],"about":[{"href":"https:\/\/www.laser-maker.com\/index.php\/wp-json\/wp\/v2\/types\/page"}],"author":[{"embeddable":true,"href":"https:\/\/www.laser-maker.com\/index.php\/wp-json\/wp\/v2\/users\/1"}],"replies":[{"embeddable":true,"href":"https:\/\/www.laser-maker.com\/index.php\/wp-json\/wp\/v2\/comments?post=366"}],"version-history":[{"count":13,"href":"https:\/\/www.laser-maker.com\/index.php\/wp-json\/wp\/v2\/pages\/366\/revisions"}],"predecessor-version":[{"id":1525,"href":"https:\/\/www.laser-maker.com\/index.php\/wp-json\/wp\/v2\/pages\/366\/revisions\/1525"}],"up":[{"embeddable":true,"href":"https:\/\/www.laser-maker.com\/index.php\/wp-json\/wp\/v2\/pages\/115"}],"wp:attachment":[{"href":"https:\/\/www.laser-maker.com\/index.php\/wp-json\/wp\/v2\/media?parent=366"}],"curies":[{"name":"wp","href":"https:\/\/api.w.org\/{rel}","templated":true}]}}