{"id":1378,"date":"2019-04-29T15:16:10","date_gmt":"2019-04-29T13:16:10","guid":{"rendered":"http:\/\/www.laser-maker.com\/?page_id=1378"},"modified":"2019-06-13T16:14:36","modified_gmt":"2019-06-13T14:14:36","slug":"11-scanner-setup","status":"publish","type":"page","link":"https:\/\/www.laser-maker.com\/index.php\/alos-project\/11-scanner-setup\/","title":{"rendered":"11 &#8211; Scanner setup"},"content":{"rendered":"<p style=\"text-align: center;\"><a href=\"http:\/\/www.laser-maker.com\/wp-content\/uploads\/2019\/04\/0-2.jpg\"><img loading=\"lazy\" decoding=\"async\" class=\"aligncenter wp-image-1379 size-medium\" src=\"http:\/\/www.laser-maker.com\/wp-content\/uploads\/2019\/04\/0-2-300x245.jpg\" alt=\"\" width=\"300\" height=\"245\" srcset=\"https:\/\/www.laser-maker.com\/wp-content\/uploads\/2019\/04\/0-2-300x245.jpg 300w, https:\/\/www.laser-maker.com\/wp-content\/uploads\/2019\/04\/0-2-768x628.jpg 768w, https:\/\/www.laser-maker.com\/wp-content\/uploads\/2019\/04\/0-2-1024x837.jpg 1024w\" sizes=\"auto, (max-width: 300px) 100vw, 300px\" \/><\/a><span style=\"color: #00ccff;\">Set up the scanner set with a speed of 40kpps<\/span><br \/>\n<span style=\"color: #00ccff;\">The driver has a feedback output indicating the position of the mirror<\/span><br \/>\n<span style=\"color: #00ccff;\">The security board constantly checks that the speed of movement of at least one mirror is sufficient<\/span><\/p>\n<p style=\"text-align: center;\"><span style=\"color: #33cccc;\">Mise en place de l&#8217;ensemble de scanner d&#8217;une vitesse de 40kpps<\/span><br \/>\n<span style=\"color: #33cccc;\">Le driver dispose d&#8217;une sortie feedback indiquant la position du miroir<\/span><br \/>\n<span style=\"color: #33cccc;\">La carte de s\u00e9curit\u00e9 v\u00e9rifie en permanence que la vitesse de d\u00e9placement d&#8217;au moins un miroir est suffisante<\/span><\/p>\n<p style=\"text-align: center;\"><a href=\"http:\/\/www.laser-maker.com\/wp-content\/uploads\/2019\/04\/1-1.jpg\"><img loading=\"lazy\" decoding=\"async\" class=\"aligncenter size-medium wp-image-1380\" src=\"http:\/\/www.laser-maker.com\/wp-content\/uploads\/2019\/04\/1-1-300x287.jpg\" alt=\"\" width=\"300\" height=\"287\" srcset=\"https:\/\/www.laser-maker.com\/wp-content\/uploads\/2019\/04\/1-1-300x287.jpg 300w, https:\/\/www.laser-maker.com\/wp-content\/uploads\/2019\/04\/1-1-768x734.jpg 768w, https:\/\/www.laser-maker.com\/wp-content\/uploads\/2019\/04\/1-1.jpg 892w\" sizes=\"auto, (max-width: 300px) 100vw, 300px\" \/><\/a><span style=\"color: #00ccff;\">Using the bottom of a plastic bottle of 1L I make a protection for these mirrors<\/span><\/p>\n<p style=\"text-align: center;\"><span style=\"color: #33cccc;\">A l&#8217;aide du fond d&#8217;une bouteille en plastique d&#8217;1L je r\u00e9alise une protection pour ces miroirs<\/span><\/p>\n<p><a href=\"http:\/\/www.laser-maker.com\/wp-content\/uploads\/2019\/04\/3-2.jpg\"><img loading=\"lazy\" decoding=\"async\" class=\"aligncenter size-medium wp-image-1381\" src=\"http:\/\/www.laser-maker.com\/wp-content\/uploads\/2019\/04\/3-2-300x157.jpg\" alt=\"\" width=\"300\" height=\"157\" srcset=\"https:\/\/www.laser-maker.com\/wp-content\/uploads\/2019\/04\/3-2-300x157.jpg 300w, https:\/\/www.laser-maker.com\/wp-content\/uploads\/2019\/04\/3-2-768x403.jpg 768w, https:\/\/www.laser-maker.com\/wp-content\/uploads\/2019\/04\/3-2-1024x537.jpg 1024w, https:\/\/www.laser-maker.com\/wp-content\/uploads\/2019\/04\/3-2.jpg 1258w\" sizes=\"auto, (max-width: 300px) 100vw, 300px\" \/><\/a><\/p>\n<p style=\"text-align: center;\"><span style=\"color: #00ccff;\">AR (anti-reflective) exit glass is now bonded with <strong>solvent-free<\/strong> glue<\/span><\/p>\n<p style=\"text-align: center;\"><span style=\"color: #33cccc;\">La vitre de sortie AR (anti r\u00e9flective) est maintenant coll\u00e9e avec obligatoirement de la colle <strong>sans solvant<\/strong><\/span><\/p>\n<p><a href=\"http:\/\/www.laser-maker.com\/wp-content\/uploads\/2019\/04\/4-2.jpg\"><img loading=\"lazy\" decoding=\"async\" class=\"aligncenter size-medium wp-image-1382\" src=\"http:\/\/www.laser-maker.com\/wp-content\/uploads\/2019\/04\/4-2-300x211.jpg\" alt=\"\" width=\"300\" height=\"211\" srcset=\"https:\/\/www.laser-maker.com\/wp-content\/uploads\/2019\/04\/4-2-300x211.jpg 300w, https:\/\/www.laser-maker.com\/wp-content\/uploads\/2019\/04\/4-2-768x540.jpg 768w, https:\/\/www.laser-maker.com\/wp-content\/uploads\/2019\/04\/4-2-1024x720.jpg 1024w, https:\/\/www.laser-maker.com\/wp-content\/uploads\/2019\/04\/4-2.jpg 1036w\" sizes=\"auto, (max-width: 300px) 100vw, 300px\" \/><\/a><\/p>\n<p style=\"text-align: center;\"><span style=\"color: #00ccff;\">The thermal conduction plate will be used again for scanners<\/span><br \/>\n<span style=\"color: #00ccff;\">It also allows me to correct the height because the beam comes out higher from the diode<\/span><\/p>\n<p style=\"text-align: center;\"><span style=\"color: #33cccc;\">La plaque de conduction thermique va servir \u00e0 nouveau pour les scanners<\/span><br \/>\n<span style=\"color: #33cccc;\">Cela me permet aussi de corriger la hauteur car le faisceau sort plus haut de la diode<\/span><\/p>\n<p style=\"text-align: center;\"><a href=\"http:\/\/www.laser-maker.com\/wp-content\/uploads\/2019\/04\/5-2.jpg\"><img loading=\"lazy\" decoding=\"async\" class=\"aligncenter size-medium wp-image-1385\" src=\"http:\/\/www.laser-maker.com\/wp-content\/uploads\/2019\/04\/5-2-300x52.jpg\" alt=\"\" width=\"300\" height=\"52\" srcset=\"https:\/\/www.laser-maker.com\/wp-content\/uploads\/2019\/04\/5-2-300x52.jpg 300w, https:\/\/www.laser-maker.com\/wp-content\/uploads\/2019\/04\/5-2-768x133.jpg 768w, https:\/\/www.laser-maker.com\/wp-content\/uploads\/2019\/04\/5-2-1024x177.jpg 1024w, https:\/\/www.laser-maker.com\/wp-content\/uploads\/2019\/04\/5-2.jpg 1585w\" sizes=\"auto, (max-width: 300px) 100vw, 300px\" \/><\/a><span style=\"color: #00ccff;\">Again a sandwich is made<\/span><\/p>\n<p style=\"text-align: center;\"><span style=\"color: #33cccc;\">A nouveau un sandwich est fait<\/span><\/p>\n<p style=\"text-align: center;\"><a href=\"http:\/\/www.laser-maker.com\/wp-content\/uploads\/2019\/04\/7-1.jpg\"><img loading=\"lazy\" decoding=\"async\" class=\"aligncenter size-medium wp-image-1386\" src=\"http:\/\/www.laser-maker.com\/wp-content\/uploads\/2019\/04\/7-1-300x225.jpg\" alt=\"\" width=\"300\" height=\"225\" srcset=\"https:\/\/www.laser-maker.com\/wp-content\/uploads\/2019\/04\/7-1-300x225.jpg 300w, https:\/\/www.laser-maker.com\/wp-content\/uploads\/2019\/04\/7-1-768x576.jpg 768w, https:\/\/www.laser-maker.com\/wp-content\/uploads\/2019\/04\/7-1-320x240.jpg 320w, https:\/\/www.laser-maker.com\/wp-content\/uploads\/2019\/04\/7-1.jpg 832w\" sizes=\"auto, (max-width: 300px) 100vw, 300px\" \/><\/a><span style=\"color: #00ccff;\">I use thread lock and flat head screws<\/span><\/p>\n<p style=\"text-align: center;\"><span style=\"color: #33cccc;\">J&#8217;utilise du frein filet et de la visserie \u00e0 t\u00eate plate<\/span><\/p>\n<p style=\"text-align: center;\"><a href=\"http:\/\/www.laser-maker.com\/wp-content\/uploads\/2019\/04\/8-1.jpg\"><img loading=\"lazy\" decoding=\"async\" class=\"aligncenter size-medium wp-image-1387\" src=\"http:\/\/www.laser-maker.com\/wp-content\/uploads\/2019\/04\/8-1-300x218.jpg\" alt=\"\" width=\"300\" height=\"218\" srcset=\"https:\/\/www.laser-maker.com\/wp-content\/uploads\/2019\/04\/8-1-300x218.jpg 300w, https:\/\/www.laser-maker.com\/wp-content\/uploads\/2019\/04\/8-1-768x558.jpg 768w, https:\/\/www.laser-maker.com\/wp-content\/uploads\/2019\/04\/8-1-1024x745.jpg 1024w, https:\/\/www.laser-maker.com\/wp-content\/uploads\/2019\/04\/8-1.jpg 1096w\" sizes=\"auto, (max-width: 300px) 100vw, 300px\" \/><\/a><span style=\"color: #00ccff;\">Check of the parallelism with the protractor<\/span><\/p>\n<p style=\"text-align: center;\"><span style=\"color: #33cccc;\">V\u00e9rification du parall\u00e9lisme au rapporteur d&#8217;angle<\/span><\/p>\n<p style=\"text-align: center;\"><a href=\"http:\/\/www.laser-maker.com\/wp-content\/uploads\/2019\/04\/9-1.jpg\"><img loading=\"lazy\" decoding=\"async\" class=\"aligncenter size-medium wp-image-1388\" src=\"http:\/\/www.laser-maker.com\/wp-content\/uploads\/2019\/04\/9-1-225x300.jpg\" alt=\"\" width=\"225\" height=\"300\" srcset=\"https:\/\/www.laser-maker.com\/wp-content\/uploads\/2019\/04\/9-1-225x300.jpg 225w, https:\/\/www.laser-maker.com\/wp-content\/uploads\/2019\/04\/9-1.jpg 624w\" sizes=\"auto, (max-width: 225px) 100vw, 225px\" \/><\/a><span style=\"color: #00ccff;\">The amplifiers are attached to the beam table with some thermal conduction grease<\/span><\/p>\n<p style=\"text-align: center;\"><span style=\"color: #33cccc;\">Les amplificateurs sont fix\u00e9s \u00e0 la beam table avec un peu de graisse de conduction thermique<\/span><\/p>\n<p style=\"text-align: center;\"><a href=\"http:\/\/www.laser-maker.com\/wp-content\/uploads\/2019\/04\/11-1.jpg\"><img loading=\"lazy\" decoding=\"async\" class=\"aligncenter size-medium wp-image-1390\" src=\"http:\/\/www.laser-maker.com\/wp-content\/uploads\/2019\/04\/11-1-300x202.jpg\" alt=\"\" width=\"300\" height=\"202\" srcset=\"https:\/\/www.laser-maker.com\/wp-content\/uploads\/2019\/04\/11-1-300x202.jpg 300w, https:\/\/www.laser-maker.com\/wp-content\/uploads\/2019\/04\/11-1-768x516.jpg 768w, https:\/\/www.laser-maker.com\/wp-content\/uploads\/2019\/04\/11-1-1024x688.jpg 1024w, https:\/\/www.laser-maker.com\/wp-content\/uploads\/2019\/04\/11-1.jpg 1133w\" sizes=\"auto, (max-width: 300px) 100vw, 300px\" \/><\/a><span style=\"color: #00ccff;\">I make a silent block with rubber gaskets and insulation nylon washers<\/span><\/p>\n<p style=\"text-align: center;\"><span style=\"color: #33cccc;\">Je r\u00e9alise un support anti-vibratoire avec des joints en caoutchouc et des rondelles nylon d&#8217;isolation<\/span><\/p>\n<p style=\"text-align: center;\"><a href=\"http:\/\/www.laser-maker.com\/wp-content\/uploads\/2019\/04\/12-1.jpg\"><img loading=\"lazy\" decoding=\"async\" class=\"aligncenter size-medium wp-image-1391\" src=\"http:\/\/www.laser-maker.com\/wp-content\/uploads\/2019\/04\/12-1-300x227.jpg\" alt=\"\" width=\"300\" height=\"227\" srcset=\"https:\/\/www.laser-maker.com\/wp-content\/uploads\/2019\/04\/12-1-300x227.jpg 300w, https:\/\/www.laser-maker.com\/wp-content\/uploads\/2019\/04\/12-1-768x581.jpg 768w, https:\/\/www.laser-maker.com\/wp-content\/uploads\/2019\/04\/12-1.jpg 893w\" sizes=\"auto, (max-width: 300px) 100vw, 300px\" \/><\/a><\/p>\n<p style=\"text-align: center;\"><span style=\"color: #00ccff;\">Here is the assembly, the rubber gaskets is under the beam table<\/span><\/p>\n<p style=\"text-align: center;\"><span style=\"color: #33cccc;\">Voici l&#8217;assemblage, le joint en caoutchouc se trouve sous la beam table<\/span><\/p>\n<p style=\"text-align: center;\"><a href=\"http:\/\/www.laser-maker.com\/wp-content\/uploads\/2019\/04\/13-1.jpg\"><img loading=\"lazy\" decoding=\"async\" class=\"aligncenter size-medium wp-image-1392\" src=\"http:\/\/www.laser-maker.com\/wp-content\/uploads\/2019\/04\/13-1-300x208.jpg\" alt=\"\" width=\"300\" height=\"208\" srcset=\"https:\/\/www.laser-maker.com\/wp-content\/uploads\/2019\/04\/13-1-300x208.jpg 300w, https:\/\/www.laser-maker.com\/wp-content\/uploads\/2019\/04\/13-1-768x533.jpg 768w, https:\/\/www.laser-maker.com\/wp-content\/uploads\/2019\/04\/13-1.jpg 936w\" sizes=\"auto, (max-width: 300px) 100vw, 300px\" \/><\/a><span style=\"color: #00ccff;\">Then I add some hot glue to finish the partition isolation<\/span><\/p>\n<p style=\"text-align: center;\"><span style=\"color: #33cccc;\">Ensuite j&#8217;ajoute un peu de colle chaude pour finir l&#8217;isolation des cloisons<\/span><\/p>\n<p style=\"text-align: center;\"><a href=\"http:\/\/www.laser-maker.com\/wp-content\/uploads\/2019\/04\/14.jpg\"><img loading=\"lazy\" decoding=\"async\" class=\"aligncenter size-medium wp-image-1393\" src=\"http:\/\/www.laser-maker.com\/wp-content\/uploads\/2019\/04\/14-300x225.jpg\" alt=\"\" width=\"300\" height=\"225\" srcset=\"https:\/\/www.laser-maker.com\/wp-content\/uploads\/2019\/04\/14-300x225.jpg 300w, https:\/\/www.laser-maker.com\/wp-content\/uploads\/2019\/04\/14-768x576.jpg 768w, https:\/\/www.laser-maker.com\/wp-content\/uploads\/2019\/04\/14-1024x768.jpg 1024w, https:\/\/www.laser-maker.com\/wp-content\/uploads\/2019\/04\/14-320x240.jpg 320w, https:\/\/www.laser-maker.com\/wp-content\/uploads\/2019\/04\/14.jpg 1040w\" sizes=\"auto, (max-width: 300px) 100vw, 300px\" \/><\/a><span style=\"color: #00ccff;\">To finish this step I fix the rubber feet on the enclosure<\/span><\/p>\n<p style=\"text-align: center;\"><span style=\"color: #33cccc;\">Pour finir cette \u00e9tape je fixe les pieds en caoutchouc sur le coffret<\/span><\/p>\n<p style=\"text-align: center;\"><a href=\"http:\/\/www.laser-maker.com\/wp-content\/uploads\/2019\/04\/15.jpg\"><img loading=\"lazy\" decoding=\"async\" class=\"aligncenter wp-image-1394 size-medium\" src=\"http:\/\/www.laser-maker.com\/wp-content\/uploads\/2019\/04\/15-231x300.jpg\" alt=\"\" width=\"231\" height=\"300\" srcset=\"https:\/\/www.laser-maker.com\/wp-content\/uploads\/2019\/04\/15-231x300.jpg 231w, https:\/\/www.laser-maker.com\/wp-content\/uploads\/2019\/04\/15-768x998.jpg 768w, https:\/\/www.laser-maker.com\/wp-content\/uploads\/2019\/04\/15-788x1024.jpg 788w, https:\/\/www.laser-maker.com\/wp-content\/uploads\/2019\/04\/15.jpg 819w\" sizes=\"auto, (max-width: 231px) 100vw, 231px\" \/><\/a><span style=\"color: #00ccff;\">Everything is ready for the final assembly &#8230;<\/span><\/p>\n<p style=\"text-align: center;\"><span style=\"color: #33cccc;\">Tout est pr\u00eat pour l&#8217;assemblage final&#8230;<\/span><\/p>\n<p><a href=\"http:\/\/www.laser-maker.com\/index.php\/alos-project\/12-final-assembly\/\">Step 12 &#8211; Final assembly \/ \u00c9tape 12 &#8211; Assemblage final<\/a><\/p>\n<p><a href=\"http:\/\/www.laser-maker.com\/index.php\/alos-project\/\">Back to summary \/ Retour au sommaire<\/a><\/p>\n","protected":false},"excerpt":{"rendered":"<p>Set up the scanner set with a speed of 40kpps The driver has a feedback output indicating the position of the mirror The security board constantly checks that the speed of movement of at least one mirror is sufficient Mise en place de l&#8217;ensemble de scanner d&#8217;une vitesse de 40kpps Le driver dispose d&#8217;une sortie [&hellip;]<\/p>\n","protected":false},"author":1,"featured_media":0,"parent":111,"menu_order":0,"comment_status":"closed","ping_status":"closed","template":"","meta":{"footnotes":""},"class_list":["post-1378","page","type-page","status-publish","hentry"],"_links":{"self":[{"href":"https:\/\/www.laser-maker.com\/index.php\/wp-json\/wp\/v2\/pages\/1378","targetHints":{"allow":["GET"]}}],"collection":[{"href":"https:\/\/www.laser-maker.com\/index.php\/wp-json\/wp\/v2\/pages"}],"about":[{"href":"https:\/\/www.laser-maker.com\/index.php\/wp-json\/wp\/v2\/types\/page"}],"author":[{"embeddable":true,"href":"https:\/\/www.laser-maker.com\/index.php\/wp-json\/wp\/v2\/users\/1"}],"replies":[{"embeddable":true,"href":"https:\/\/www.laser-maker.com\/index.php\/wp-json\/wp\/v2\/comments?post=1378"}],"version-history":[{"count":13,"href":"https:\/\/www.laser-maker.com\/index.php\/wp-json\/wp\/v2\/pages\/1378\/revisions"}],"predecessor-version":[{"id":1455,"href":"https:\/\/www.laser-maker.com\/index.php\/wp-json\/wp\/v2\/pages\/1378\/revisions\/1455"}],"up":[{"embeddable":true,"href":"https:\/\/www.laser-maker.com\/index.php\/wp-json\/wp\/v2\/pages\/111"}],"wp:attachment":[{"href":"https:\/\/www.laser-maker.com\/index.php\/wp-json\/wp\/v2\/media?parent=1378"}],"curies":[{"name":"wp","href":"https:\/\/api.w.org\/{rel}","templated":true}]}}