{"id":1235,"date":"2019-04-21T10:40:53","date_gmt":"2019-04-21T08:40:53","guid":{"rendered":"http:\/\/www.laser-maker.com\/?page_id=1235"},"modified":"2019-04-24T13:44:00","modified_gmt":"2019-04-24T11:44:00","slug":"07-heat-extraction","status":"publish","type":"page","link":"https:\/\/www.laser-maker.com\/index.php\/alos-project\/07-heat-extraction\/","title":{"rendered":"07 &#8211; Heat extraction"},"content":{"rendered":"<p><a href=\"http:\/\/www.laser-maker.com\/wp-content\/uploads\/2019\/04\/0.jpg\"><img loading=\"lazy\" decoding=\"async\" class=\"aligncenter size-large wp-image-1236\" src=\"http:\/\/www.laser-maker.com\/wp-content\/uploads\/2019\/04\/0-1024x587.jpg\" alt=\"\" width=\"900\" height=\"516\" srcset=\"https:\/\/www.laser-maker.com\/wp-content\/uploads\/2019\/04\/0-1024x587.jpg 1024w, https:\/\/www.laser-maker.com\/wp-content\/uploads\/2019\/04\/0-300x172.jpg 300w, https:\/\/www.laser-maker.com\/wp-content\/uploads\/2019\/04\/0-768x441.jpg 768w, https:\/\/www.laser-maker.com\/wp-content\/uploads\/2019\/04\/0.jpg 1248w\" sizes=\"auto, (max-width: 900px) 100vw, 900px\" \/><\/a><\/p>\n<p style=\"text-align: center;\"><span style=\"color: #00ccff;\">A heat extractor finds its place <strong>at the top<\/strong> of the machine<\/span><\/p>\n<p style=\"text-align: center;\"><span style=\"color: #33cccc;\">Un extracteur de chaleur trouve sa place <strong>au dessus<\/strong> de la machine<\/span><\/p>\n<p style=\"text-align: center;\"><a href=\"http:\/\/www.laser-maker.com\/wp-content\/uploads\/2019\/04\/1-ALU-BRUT-1.5.jpg\"><img loading=\"lazy\" decoding=\"async\" class=\"aligncenter wp-image-1237 size-thumbnail\" src=\"http:\/\/www.laser-maker.com\/wp-content\/uploads\/2019\/04\/1-ALU-BRUT-1.5-150x150.jpg\" alt=\"\" width=\"150\" height=\"150\" srcset=\"https:\/\/www.laser-maker.com\/wp-content\/uploads\/2019\/04\/1-ALU-BRUT-1.5-150x150.jpg 150w, https:\/\/www.laser-maker.com\/wp-content\/uploads\/2019\/04\/1-ALU-BRUT-1.5-65x65.jpg 65w\" sizes=\"auto, (max-width: 150px) 100vw, 150px\" \/><\/a><span style=\"color: #00ccff;\">I start with a 1.5mm aluminum plate<\/span><\/p>\n<p style=\"text-align: center;\"><span style=\"color: #33cccc;\">Je commence avec une plaque d&#8217;aluminium 1.5mm<\/span> <a href=\"http:\/\/www.laser-maker.com\/wp-content\/uploads\/2019\/04\/2-COMPAS.jpg\"><img loading=\"lazy\" decoding=\"async\" class=\"aligncenter wp-image-1238 size-medium\" src=\"http:\/\/www.laser-maker.com\/wp-content\/uploads\/2019\/04\/2-COMPAS-300x152.jpg\" alt=\"\" width=\"300\" height=\"152\" srcset=\"https:\/\/www.laser-maker.com\/wp-content\/uploads\/2019\/04\/2-COMPAS-300x152.jpg 300w, https:\/\/www.laser-maker.com\/wp-content\/uploads\/2019\/04\/2-COMPAS-768x389.jpg 768w, https:\/\/www.laser-maker.com\/wp-content\/uploads\/2019\/04\/2-COMPAS-1024x519.jpg 1024w, https:\/\/www.laser-maker.com\/wp-content\/uploads\/2019\/04\/2-COMPAS.jpg 1248w\" sizes=\"auto, (max-width: 300px) 100vw, 300px\" \/><\/a><span style=\"color: #00ccff;\">Using a compass I trace the circles of the fans<\/span><\/p>\n<p style=\"text-align: center;\"><span style=\"color: #33cccc;\">A l&#8217;aide d&#8217;un compas je trace les cercles des ventilateurs<\/span> <a href=\"http:\/\/www.laser-maker.com\/wp-content\/uploads\/2019\/04\/3-FAN-ETAGE.jpg\"><img loading=\"lazy\" decoding=\"async\" class=\"aligncenter wp-image-1239 size-medium\" src=\"http:\/\/www.laser-maker.com\/wp-content\/uploads\/2019\/04\/3-FAN-ETAGE-300x248.jpg\" alt=\"\" width=\"300\" height=\"248\" srcset=\"https:\/\/www.laser-maker.com\/wp-content\/uploads\/2019\/04\/3-FAN-ETAGE-300x248.jpg 300w, https:\/\/www.laser-maker.com\/wp-content\/uploads\/2019\/04\/3-FAN-ETAGE-768x635.jpg 768w, https:\/\/www.laser-maker.com\/wp-content\/uploads\/2019\/04\/3-FAN-ETAGE.jpg 910w\" sizes=\"auto, (max-width: 300px) 100vw, 300px\" \/><\/a><span style=\"color: #00ccff;\">This fan allows hot air out of the CPU<\/span><\/p>\n<p style=\"text-align: center;\"><span style=\"color: #00ccff;\">I use a circuit breaker because the fans are powered from the mains<\/span><\/p>\n<p style=\"text-align: center;\"><span style=\"color: #33cccc;\">Ce ventilateur permet de sortir l&#8217;air chaud de la CPU<\/span><br \/>\n<span style=\"color: #33cccc;\">J&#8217;utilise un disjoncteur car les ventilateurs sont aliment\u00e9s avec du secteur<\/span><\/p>\n<p style=\"text-align: center;\"><a href=\"http:\/\/www.laser-maker.com\/wp-content\/uploads\/2019\/04\/4-FAN-ALIM.jpg\"><img loading=\"lazy\" decoding=\"async\" class=\"aligncenter wp-image-1240 size-medium\" src=\"http:\/\/www.laser-maker.com\/wp-content\/uploads\/2019\/04\/4-FAN-ALIM-239x300.jpg\" alt=\"\" width=\"239\" height=\"300\" srcset=\"https:\/\/www.laser-maker.com\/wp-content\/uploads\/2019\/04\/4-FAN-ALIM-239x300.jpg 239w, https:\/\/www.laser-maker.com\/wp-content\/uploads\/2019\/04\/4-FAN-ALIM-768x963.jpg 768w, https:\/\/www.laser-maker.com\/wp-content\/uploads\/2019\/04\/4-FAN-ALIM-816x1024.jpg 816w, https:\/\/www.laser-maker.com\/wp-content\/uploads\/2019\/04\/4-FAN-ALIM.jpg 936w\" sizes=\"auto, (max-width: 239px) 100vw, 239px\" \/><\/a><span style=\"color: #00ccff;\">These fans come out hot air from power supplies, I protect them with a grid<\/span><\/p>\n<p style=\"text-align: center;\"><span style=\"color: #33cccc;\">Ces ventilateurs sortent l&#8217;air chaud venant des alimentations, je les prot\u00e8ge avec une grille<\/span><\/p>\n<p style=\"text-align: center;\"><a href=\"http:\/\/www.laser-maker.com\/wp-content\/uploads\/2019\/04\/5-AVANCEMENT.jpg\"><img loading=\"lazy\" decoding=\"async\" class=\"aligncenter wp-image-1241 size-medium\" src=\"http:\/\/www.laser-maker.com\/wp-content\/uploads\/2019\/04\/5-AVANCEMENT-300x166.jpg\" alt=\"\" width=\"300\" height=\"166\" srcset=\"https:\/\/www.laser-maker.com\/wp-content\/uploads\/2019\/04\/5-AVANCEMENT-300x166.jpg 300w, https:\/\/www.laser-maker.com\/wp-content\/uploads\/2019\/04\/5-AVANCEMENT-768x426.jpg 768w, https:\/\/www.laser-maker.com\/wp-content\/uploads\/2019\/04\/5-AVANCEMENT-1024x568.jpg 1024w, https:\/\/www.laser-maker.com\/wp-content\/uploads\/2019\/04\/5-AVANCEMENT.jpg 1420w\" sizes=\"auto, (max-width: 300px) 100vw, 300px\" \/><\/a><span style=\"color: #00ccff;\">Here is the progress of the construction of the heat extractor<\/span><\/p>\n<p style=\"text-align: center;\"><span style=\"color: #00ccff;\">Do not forget the threadlocker!<br \/>\n<\/span><\/p>\n<p style=\"text-align: center;\"><span style=\"color: #33cccc;\">Voici l&#8217;avancement de la construction de l&#8217;extracteur de chaleur<\/span><\/p>\n<p style=\"text-align: center;\"><span style=\"color: #33cccc;\">N&#8217;oubliez pas le frein filet!<\/span><\/p>\n<p style=\"text-align: center;\"><a href=\"http:\/\/www.laser-maker.com\/wp-content\/uploads\/2019\/04\/6-TERRES.jpg\"><img loading=\"lazy\" decoding=\"async\" class=\"aligncenter wp-image-1242 size-medium\" src=\"http:\/\/www.laser-maker.com\/wp-content\/uploads\/2019\/04\/6-TERRES-300x292.jpg\" alt=\"\" width=\"300\" height=\"292\" srcset=\"https:\/\/www.laser-maker.com\/wp-content\/uploads\/2019\/04\/6-TERRES-300x292.jpg 300w, https:\/\/www.laser-maker.com\/wp-content\/uploads\/2019\/04\/6-TERRES-768x747.jpg 768w, https:\/\/www.laser-maker.com\/wp-content\/uploads\/2019\/04\/6-TERRES.jpg 936w\" sizes=\"auto, (max-width: 300px) 100vw, 300px\" \/><\/a><span style=\"color: #00ccff;\">it is imperative to solder ground fans together <\/span><\/p>\n<p style=\"text-align: center;\"><span style=\"color: #33cccc;\">Il faut imp\u00e9rativement souder les terres des ventilateurs ensembles<\/span><a href=\"http:\/\/www.laser-maker.com\/wp-content\/uploads\/2019\/04\/7-DECOUPES.jpg\"><img loading=\"lazy\" decoding=\"async\" class=\"aligncenter wp-image-1243 size-medium\" src=\"http:\/\/www.laser-maker.com\/wp-content\/uploads\/2019\/04\/7-DECOUPES-242x300.jpg\" alt=\"\" width=\"242\" height=\"300\" srcset=\"https:\/\/www.laser-maker.com\/wp-content\/uploads\/2019\/04\/7-DECOUPES-242x300.jpg 242w, https:\/\/www.laser-maker.com\/wp-content\/uploads\/2019\/04\/7-DECOUPES-768x950.jpg 768w, https:\/\/www.laser-maker.com\/wp-content\/uploads\/2019\/04\/7-DECOUPES.jpg 800w\" sizes=\"auto, (max-width: 242px) 100vw, 242px\" \/><\/a><span style=\"color: #00ccff;\"> The cuts of the box are finished, we can see the square cut just above the TEC module<br \/>\n<\/span><\/p>\n<p style=\"text-align: center;\"><span style=\"color: #33cccc;\">Les d\u00e9coupes du coffret sont termin\u00e9es, on voit bien la d\u00e9coupe carr\u00e9e juste au dessus du Peltier<\/span><\/p>\n<p style=\"text-align: center;\"><a href=\"http:\/\/www.laser-maker.com\/wp-content\/uploads\/2019\/04\/9-VUE-INTERIEURE.jpg\"><img loading=\"lazy\" decoding=\"async\" class=\"aligncenter wp-image-1244 size-medium\" src=\"http:\/\/www.laser-maker.com\/wp-content\/uploads\/2019\/04\/9-VUE-INTERIEURE-300x225.jpg\" alt=\"\" width=\"300\" height=\"225\" srcset=\"https:\/\/www.laser-maker.com\/wp-content\/uploads\/2019\/04\/9-VUE-INTERIEURE-300x225.jpg 300w, https:\/\/www.laser-maker.com\/wp-content\/uploads\/2019\/04\/9-VUE-INTERIEURE-768x576.jpg 768w, https:\/\/www.laser-maker.com\/wp-content\/uploads\/2019\/04\/9-VUE-INTERIEURE-1024x768.jpg 1024w, https:\/\/www.laser-maker.com\/wp-content\/uploads\/2019\/04\/9-VUE-INTERIEURE-320x240.jpg 320w, https:\/\/www.laser-maker.com\/wp-content\/uploads\/2019\/04\/9-VUE-INTERIEURE.jpg 1248w\" sizes=\"auto, (max-width: 300px) 100vw, 300px\" \/><\/a><span style=\"color: #00ccff;\">I add window insulation foams<\/span><\/p>\n<p style=\"text-align: center;\"><span style=\"color: #33cccc;\">J&#8217;ajoute des mousses d&#8217;isolation pour fen\u00eatres<\/span><\/p>\n<p style=\"text-align: center;\"><a href=\"http:\/\/www.laser-maker.com\/wp-content\/uploads\/2019\/04\/10-VUE-EXTERIEURE-PEINTURE-.jpg\"><img loading=\"lazy\" decoding=\"async\" class=\"aligncenter size-large wp-image-1245\" src=\"http:\/\/www.laser-maker.com\/wp-content\/uploads\/2019\/04\/10-VUE-EXTERIEURE-PEINTURE--1024x768.jpg\" alt=\"\" width=\"900\" height=\"675\" srcset=\"https:\/\/www.laser-maker.com\/wp-content\/uploads\/2019\/04\/10-VUE-EXTERIEURE-PEINTURE--1024x768.jpg 1024w, https:\/\/www.laser-maker.com\/wp-content\/uploads\/2019\/04\/10-VUE-EXTERIEURE-PEINTURE--300x225.jpg 300w, https:\/\/www.laser-maker.com\/wp-content\/uploads\/2019\/04\/10-VUE-EXTERIEURE-PEINTURE--768x576.jpg 768w, https:\/\/www.laser-maker.com\/wp-content\/uploads\/2019\/04\/10-VUE-EXTERIEURE-PEINTURE--320x240.jpg 320w, https:\/\/www.laser-maker.com\/wp-content\/uploads\/2019\/04\/10-VUE-EXTERIEURE-PEINTURE-.jpg 1248w\" sizes=\"auto, (max-width: 900px) 100vw, 900px\" \/><\/a><span style=\"color: #00ccff;\">To finish I realize a painting and the installation of a sticker in cut letters<\/span><\/p>\n<p style=\"text-align: center;\"><span style=\"color: #33cccc;\">Pour finir je r\u00e9alise une peinture et la pose d&#8217;un sticker en lettres d\u00e9coup\u00e9es<\/span><\/p>\n<p><a href=\"http:\/\/www.laser-maker.com\/index.php\/alos-project\/08-back-panel-garnish\/\">Step 08 &#8211; Back panel garnish \/ \u00c9tape 08 &#8211; Garniture arri\u00e8re<\/a><\/p>\n<p><a href=\"http:\/\/www.laser-maker.com\/index.php\/alos-project\/\">Back to summary \/ Retour au sommaire<\/a><\/p>\n","protected":false},"excerpt":{"rendered":"<p>A heat extractor finds its place at the top of the machine Un extracteur de chaleur trouve sa place au dessus de la machine I start with a 1.5mm aluminum plate Je commence avec une plaque d&#8217;aluminium 1.5mm Using a compass I trace the circles of the fans A l&#8217;aide d&#8217;un compas je trace les [&hellip;]<\/p>\n","protected":false},"author":1,"featured_media":0,"parent":111,"menu_order":0,"comment_status":"closed","ping_status":"closed","template":"","meta":{"footnotes":""},"class_list":["post-1235","page","type-page","status-publish","hentry"],"_links":{"self":[{"href":"https:\/\/www.laser-maker.com\/index.php\/wp-json\/wp\/v2\/pages\/1235","targetHints":{"allow":["GET"]}}],"collection":[{"href":"https:\/\/www.laser-maker.com\/index.php\/wp-json\/wp\/v2\/pages"}],"about":[{"href":"https:\/\/www.laser-maker.com\/index.php\/wp-json\/wp\/v2\/types\/page"}],"author":[{"embeddable":true,"href":"https:\/\/www.laser-maker.com\/index.php\/wp-json\/wp\/v2\/users\/1"}],"replies":[{"embeddable":true,"href":"https:\/\/www.laser-maker.com\/index.php\/wp-json\/wp\/v2\/comments?post=1235"}],"version-history":[{"count":12,"href":"https:\/\/www.laser-maker.com\/index.php\/wp-json\/wp\/v2\/pages\/1235\/revisions"}],"predecessor-version":[{"id":1329,"href":"https:\/\/www.laser-maker.com\/index.php\/wp-json\/wp\/v2\/pages\/1235\/revisions\/1329"}],"up":[{"embeddable":true,"href":"https:\/\/www.laser-maker.com\/index.php\/wp-json\/wp\/v2\/pages\/111"}],"wp:attachment":[{"href":"https:\/\/www.laser-maker.com\/index.php\/wp-json\/wp\/v2\/media?parent=1235"}],"curies":[{"name":"wp","href":"https:\/\/api.w.org\/{rel}","templated":true}]}}