{"id":120,"date":"2018-09-21T17:08:30","date_gmt":"2018-09-21T17:08:30","guid":{"rendered":"http:\/\/www.laser-maker.com\/?page_id=120"},"modified":"2020-12-29T21:41:52","modified_gmt":"2020-12-29T20:41:52","slug":"alc60x-gaz-laser","status":"publish","type":"page","link":"https:\/\/www.laser-maker.com\/index.php\/old-projects-pages\/alc60x-gaz-laser\/","title":{"rendered":"ALC60X gaz &#8211; 125mW (2005)"},"content":{"rendered":"<h5><span style=\"color: #00ccff;\">ALC60X gaz laser &#8211; 125mW (2005)<\/span><\/h5>\n<h5><span id=\"result_box\" class=\"\" lang=\"en\" style=\"color: #00ccff;\"><span class=\"\">This is a laser source of the American Laser Corporation brand<\/span><br \/>\n<span class=\"\">It is designed for 110V, it takes a step-down transformer 220V to 110V in Europe<\/span><br \/>\n<span class=\"\">Originally it was in a big Xerox printer (hence the X)<\/span><br \/>\n<span class=\"\">This source has been regased, multi-line optics are mounted<\/span><\/span><\/h5>\n<h5><span style=\"color: #33cccc;\">Il s&#8217;agit d&#8217;une source laser de la marque American Laser Corporation<\/span><br \/>\n<span style=\"color: #33cccc;\">Elle est con\u00e7ue pour du 110V, il faut un transfo &#8220;step-down&#8221; 220V \u00e0 110V en Europe<\/span><br \/>\n<span style=\"color: #33cccc;\">\u00c0 l&#8217;origine elle se trouvait dans une grosse imprimante Xerox (d&#8217;ou le X)<\/span><br \/>\n<span style=\"color: #33cccc;\">Cette source a \u00e9t\u00e9 regaz\u00e9e, des optiques multi-lignes sont mont\u00e9e<\/span><\/h5>\n<h5 style=\"text-align: center;\"><span style=\"color: #00ccff;\">Laser head<\/span><\/h5>\n<h5><a href=\"http:\/\/www.laser-maker.com\/wp-content\/uploads\/2018\/09\/Photo1.jpg\"><img loading=\"lazy\" decoding=\"async\" class=\"aligncenter wp-image-126 size-medium\" src=\"http:\/\/www.laser-maker.com\/wp-content\/uploads\/2018\/09\/Photo1-300x225.jpg\" alt=\"\" width=\"300\" height=\"225\" srcset=\"https:\/\/www.laser-maker.com\/wp-content\/uploads\/2018\/09\/Photo1-300x225.jpg 300w, https:\/\/www.laser-maker.com\/wp-content\/uploads\/2018\/09\/Photo1.jpg 640w\" sizes=\"auto, (max-width: 300px) 100vw, 300px\" \/><\/a><\/h5>\n<h5 style=\"text-align: center;\"><span style=\"color: #00ccff;\">Config test<\/span><\/h5>\n<h5><a href=\"http:\/\/www.laser-maker.com\/wp-content\/uploads\/2018\/09\/config-test.jpg\"><img loading=\"lazy\" decoding=\"async\" class=\"aligncenter wp-image-123 size-medium\" src=\"http:\/\/www.laser-maker.com\/wp-content\/uploads\/2018\/09\/config-test-300x227.jpg\" alt=\"\" width=\"300\" height=\"227\" srcset=\"https:\/\/www.laser-maker.com\/wp-content\/uploads\/2018\/09\/config-test-300x227.jpg 300w, https:\/\/www.laser-maker.com\/wp-content\/uploads\/2018\/09\/config-test.jpg 640w\" sizes=\"auto, (max-width: 300px) 100vw, 300px\" \/><\/a><\/h5>\n<h5 style=\"text-align: center;\"><span style=\"color: #00ccff;\">Colors<\/span><\/h5>\n<h5><a href=\"http:\/\/www.laser-maker.com\/wp-content\/uploads\/2018\/09\/diff1z-test.jpg\"><img loading=\"lazy\" decoding=\"async\" class=\"aligncenter wp-image-125 size-medium\" src=\"http:\/\/www.laser-maker.com\/wp-content\/uploads\/2018\/09\/diff1z-test-300x225.jpg\" alt=\"\" width=\"300\" height=\"225\" srcset=\"https:\/\/www.laser-maker.com\/wp-content\/uploads\/2018\/09\/diff1z-test-300x225.jpg 300w, https:\/\/www.laser-maker.com\/wp-content\/uploads\/2018\/09\/diff1z-test.jpg 640w\" sizes=\"auto, (max-width: 300px) 100vw, 300px\" \/><\/a><\/h5>\n<h5 style=\"text-align: center;\"><span style=\"color: #00ccff;\">Huge fan<\/span><\/h5>\n<h5><a href=\"http:\/\/www.laser-maker.com\/wp-content\/uploads\/2018\/09\/Photo2.jpg\"><img loading=\"lazy\" decoding=\"async\" class=\"aligncenter wp-image-127 size-medium\" src=\"http:\/\/www.laser-maker.com\/wp-content\/uploads\/2018\/09\/Photo2-300x225.jpg\" alt=\"\" width=\"300\" height=\"225\" srcset=\"https:\/\/www.laser-maker.com\/wp-content\/uploads\/2018\/09\/Photo2-300x225.jpg 300w, https:\/\/www.laser-maker.com\/wp-content\/uploads\/2018\/09\/Photo2.jpg 640w\" sizes=\"auto, (max-width: 300px) 100vw, 300px\" \/><\/a><\/h5>\n<h5 style=\"text-align: center;\">back of head<\/h5>\n<h5><\/h5>\n<h5><a href=\"http:\/\/www.laser-maker.com\/wp-content\/uploads\/2018\/09\/Photo3.jpg\"><img loading=\"lazy\" decoding=\"async\" class=\"aligncenter wp-image-128 size-medium\" src=\"http:\/\/www.laser-maker.com\/wp-content\/uploads\/2018\/09\/Photo3-300x225.jpg\" alt=\"\" width=\"300\" height=\"225\" srcset=\"https:\/\/www.laser-maker.com\/wp-content\/uploads\/2018\/09\/Photo3-300x225.jpg 300w, https:\/\/www.laser-maker.com\/wp-content\/uploads\/2018\/09\/Photo3.jpg 640w\" sizes=\"auto, (max-width: 300px) 100vw, 300px\" \/><\/a><\/h5>\n<h5 style=\"text-align: center;\"><span style=\"color: #00ccff;\">Power Supply<\/span><\/h5>\n<h5><a href=\"http:\/\/www.laser-maker.com\/wp-content\/uploads\/2018\/09\/Photo4.jpg\"><img loading=\"lazy\" decoding=\"async\" class=\"aligncenter wp-image-129 size-medium\" src=\"http:\/\/www.laser-maker.com\/wp-content\/uploads\/2018\/09\/Photo4-300x225.jpg\" alt=\"\" width=\"300\" height=\"225\" srcset=\"https:\/\/www.laser-maker.com\/wp-content\/uploads\/2018\/09\/Photo4-300x225.jpg 300w, https:\/\/www.laser-maker.com\/wp-content\/uploads\/2018\/09\/Photo4.jpg 640w\" sizes=\"auto, (max-width: 300px) 100vw, 300px\" \/><\/a><\/h5>\n<p style=\"text-align: center;\"><span style=\"color: #00ccff;\">Test at home<\/span><\/p>\n<h5 style=\"text-align: center;\"><a href=\"http:\/\/www.laser-maker.com\/wp-content\/uploads\/2018\/09\/test.jpg\"><img loading=\"lazy\" decoding=\"async\" class=\"aligncenter wp-image-130 size-medium\" src=\"http:\/\/www.laser-maker.com\/wp-content\/uploads\/2018\/09\/test-300x225.jpg\" alt=\"\" width=\"300\" height=\"225\" srcset=\"https:\/\/www.laser-maker.com\/wp-content\/uploads\/2018\/09\/test-300x225.jpg 300w, https:\/\/www.laser-maker.com\/wp-content\/uploads\/2018\/09\/test.jpg 640w\" sizes=\"auto, (max-width: 300px) 100vw, 300px\" \/><\/a><\/h5>\n<p style=\"text-align: center;\"><span style=\"color: #00ccff;\">Diffracting<\/span><\/p>\n<h5><a href=\"http:\/\/www.laser-maker.com\/wp-content\/uploads\/2018\/09\/argonML.jpg\"><img loading=\"lazy\" decoding=\"async\" class=\"aligncenter wp-image-131 size-medium\" src=\"http:\/\/www.laser-maker.com\/wp-content\/uploads\/2018\/09\/argonML-300x225.jpg\" alt=\"\" width=\"300\" height=\"225\" srcset=\"https:\/\/www.laser-maker.com\/wp-content\/uploads\/2018\/09\/argonML-300x225.jpg 300w, https:\/\/www.laser-maker.com\/wp-content\/uploads\/2018\/09\/argonML-768x576.jpg 768w, https:\/\/www.laser-maker.com\/wp-content\/uploads\/2018\/09\/argonML.jpg 800w\" sizes=\"auto, (max-width: 300px) 100vw, 300px\" \/><\/a><\/h5>\n<p style=\"text-align: center;\"><span style=\"color: #00ccff;\">Step down transformer<\/span><\/p>\n<h5><a href=\"http:\/\/www.laser-maker.com\/wp-content\/uploads\/2018\/09\/auto-transfo.jpg\"><img loading=\"lazy\" decoding=\"async\" class=\"aligncenter wp-image-132 size-medium\" src=\"http:\/\/www.laser-maker.com\/wp-content\/uploads\/2018\/09\/auto-transfo-300x225.jpg\" alt=\"\" width=\"300\" height=\"225\" srcset=\"https:\/\/www.laser-maker.com\/wp-content\/uploads\/2018\/09\/auto-transfo-300x225.jpg 300w, https:\/\/www.laser-maker.com\/wp-content\/uploads\/2018\/09\/auto-transfo.jpg 512w\" sizes=\"auto, (max-width: 300px) 100vw, 300px\" \/><\/a><\/h5>\n<p style=\"text-align: center;\"><span style=\"color: #00ccff;\">Beam<\/span><\/p>\n<h5><img loading=\"lazy\" decoding=\"async\" class=\"aligncenter wp-image-133 size-full\" src=\"http:\/\/www.laser-maker.com\/wp-content\/uploads\/2018\/09\/color-mini.jpg\" alt=\"\" width=\"180\" height=\"145\" \/><\/h5>\n","protected":false},"excerpt":{"rendered":"<p>ALC60X gaz laser &#8211; 125mW (2005) This is a laser source of the American Laser Corporation brand It is designed for 110V, it takes a step-down transformer 220V to 110V in Europe Originally it was in a big Xerox printer (hence the X) This source has been regased, multi-line optics are mounted Il s&#8217;agit d&#8217;une [&hellip;]<\/p>\n","protected":false},"author":1,"featured_media":0,"parent":115,"menu_order":0,"comment_status":"closed","ping_status":"closed","template":"","meta":{"footnotes":""},"class_list":["post-120","page","type-page","status-publish","hentry"],"_links":{"self":[{"href":"https:\/\/www.laser-maker.com\/index.php\/wp-json\/wp\/v2\/pages\/120","targetHints":{"allow":["GET"]}}],"collection":[{"href":"https:\/\/www.laser-maker.com\/index.php\/wp-json\/wp\/v2\/pages"}],"about":[{"href":"https:\/\/www.laser-maker.com\/index.php\/wp-json\/wp\/v2\/types\/page"}],"author":[{"embeddable":true,"href":"https:\/\/www.laser-maker.com\/index.php\/wp-json\/wp\/v2\/users\/1"}],"replies":[{"embeddable":true,"href":"https:\/\/www.laser-maker.com\/index.php\/wp-json\/wp\/v2\/comments?post=120"}],"version-history":[{"count":12,"href":"https:\/\/www.laser-maker.com\/index.php\/wp-json\/wp\/v2\/pages\/120\/revisions"}],"predecessor-version":[{"id":2921,"href":"https:\/\/www.laser-maker.com\/index.php\/wp-json\/wp\/v2\/pages\/120\/revisions\/2921"}],"up":[{"embeddable":true,"href":"https:\/\/www.laser-maker.com\/index.php\/wp-json\/wp\/v2\/pages\/115"}],"wp:attachment":[{"href":"https:\/\/www.laser-maker.com\/index.php\/wp-json\/wp\/v2\/media?parent=120"}],"curies":[{"name":"wp","href":"https:\/\/api.w.org\/{rel}","templated":true}]}}